 15, what is -3ca903 - 7?
-3ca90a
In base 6, what is 230140115 + 1122?
230141241
In base 5, what is 0 - 103202141?
-103202141
In base 8, what is 251 - -160735?
161206
In base 4, what is -2330 + 20003023013?
20003020023
In base 10, what is 4036639 - -6?
4036645
In base 7, what is -32651006 + 24?
-32650652
In base 16, what is -d7 - 10971?
-10a48
In base 2, what is -11010001011 + 1110011111111?
1011001110100
In base 3, what is -100121 + -1001001012011?
-1001001112202
In base 8, what is 563 - 33111?
-32326
In base 2, what is 110100001 + 11110001001110000?
11110010000010001
In base 4, what is 20 - -2020002300?
2020002320
In base 12, what is 912 + 1a79?
278b
In base 14, what is c + -ab705?
-ab6d7
In base 2, what is 1 - 11001101000101000010011001?
-11001101000101000010011000
In base 13, what is -166 - -54175?
5400c
In base 15, what is 158 - -4190?
42e8
In base 3, what is 10 - -12022222112200?
12022222112210
In base 15, what is 20 + 71e27?
71e47
In base 11, what is -47690275 + 7?
-47690269
In base 12, what is -12a - -13417?
132a9
In base 13, what is -4b - -66880b?
668790
In base 14, what is 721280 + -1?
72127d
In base 10, what is -153 - -669200?
669047
In base 12, what is 190330 - 84?
190268
In base 7, what is -106 - -60463?
60354
In base 10, what is -5783 - 14027?
-19810
In base 14, what is 7b41 - -713?
8454
In base 6, what is 4 + 305204413?
305204421
In base 8, what is 1 + -453006130?
-453006127
In base 15, what is ad3ee - -213?
ad612
In base 8, what is 3414 + 526472?
532106
In base 13, what is 3 + -7072a0?
-70729a
In base 3, what is 11020 - -1110100002121?
1110100020211
In base 3, what is -10201211210102120 + 12?
-10201211210102101
In base 5, what is 2000322214 - 0?
2000322214
In base 8, what is 674547764 - -4?
674547770
In base 6, what is -212242 - 11552?
-224234
In base 8, what is -50 - 674543?
-674613
In base 16, what is 43fa2af + -7?
43fa2a8
In base 15, what is 43 + -1250?
-120c
In base 15, what is -1d3a59 + a?
-1d3a4e
In base 11, what is -222098802 - 1?
-222098803
In base 14, what is -1494 + -13787?
-14c3b
In base 14, what is -57dd5888 + -5?
-57dd588d
In base 14, what is 751 - 1789?
-1038
In base 15, what is -5a8b08 - -2?
-5a8b06
In base 3, what is 102011011121 - 2220?
102011001201
In base 8, what is -4103520 + 23?
-4103475
In base 16, what is -7c72 - 2b32?
-a7a4
In base 4, what is -2 + -20303202131011?
-20303202131013
In base 9, what is -1330 - -27540?
26210
In base 14, what is -31063564 - 2?
-31063566
In base 7, what is 310044 + 2333?
312410
In base 13, what is 201c2b - -40c?
20233a
In base 13, what is -aa2b288 - -1?
-aa2b287
In base 2, what is -1100010 + -1101101111000001010?
-1101101111001101100
In base 16, what is 8d47aa - 2?
8d47a8
In base 2, what is 101110000100011 + -10010100011?
101011110000000
In base 12, what is -5a97 - 287?
-6162
In base 5, what is 10 - 230404333?
-230404323
In base 16, what is 50ce9 - 25?
50cc4
In base 5, what is 22403442324 - -21?
22403442400
In base 16, what is -44da - -8a?
-4450
In base 13, what is -1 - 876696?
-876697
In base 15, what is 7 - a65ae?
-a65a7
In base 13, what is -17b3 - -35?
-177b
In base 9, what is 807600 + -232?
807357
In base 3, what is 0 - 1220222011011?
-1220222011011
In base 6, what is -1302122 + -325?
-1302451
In base 4, what is 202233310133 - -11?
202233310210
In base 14, what is -59969 + 14d?
-5981a
In base 16, what is -4 + 27ca4d?
27ca49
In base 11, what is 11179571 - -a?
11179580
In base 2, what is -100101101110 + 100001000010101?
11100010100111
In base 3, what is 120220 - -20100210001?
20101100221
In base 9, what is -22225 - 34431?
-56656
In base 7, what is 250 + -156061?
-155511
In base 5, what is -21212110 + -10?
-21212120
In base 3, what is 1120220201211 - 120?
1120220201021
In base 5, what is 10 + 4002330211?
4002330221
In base 9, what is 17 + -352002?
-351874
In base 2, what is -10101011000010111011110 + 0?
-10101011000010111011110
In base 3, what is -1001212221121001110 + 11?
-1001212221121001022
In base 12, what is 3588 + -138?
3450
In base 8, what is 1742 + 26111?
30053
In base 12, what is -19b275 + 299?
-19ab98
In base 13, what is 984794b8 - -2?
984794ba
In base 10, what is 29921 + -37?
29884
In base 4, what is 1321020 + -12131?
1302223
In base 13, what is -5 + 1218c513?
1218c50b
In base 2, what is -110011010011 - -1111010010?
-100100000001
In base 11, what is 1 + -2770011?
-2770010
In base 7, what is -4300 - 6106235?
-6113535
In base 7, what is 5445 + 3225642?
3234420
In base 8, what is 251 + -3002337?
-3002066
In base 10, what is -7543 - -44861?
37318
In base 12, what is -22842 + 90?
-22772
In base 6, what is -45431 + -53130?
-143001
In base 15, what is -6d + 4c05aa?
4c053c
In base 5, what is 2220 - -1211?
3431
In base 16, what is -cd6cbc - -28?
-cd6c94
In base 8, what is 1 + -100223254?
-100223253
In base 4, what is -1 - 1031313121?
-1031313122
In base 5, what is -1340411 - -42333?
-1243023
In base 3, what is -12 - -1212211102101220?
1212211102101201
In base 3, what is -2 + -22102121001011?
-22102121001020
In base 15, what is 10400a3 - -3?
10400a6
In base 14, what is -3 + -65d9c04?
-65d9c07
In base 2, what is 1110001001010110101101 + -11001011?
1110001001010011100010
In base 14, what is 6 + 30daa81?
30daa87
In base 13, what is 3 - 541ac0?
-541aba
In base 11, what is a - 8869060?
-8869051
In base 9, what is 4 - 2452623?
-2452618
In base 10, what is -52397861 + 2?
-52397859
In base 4, what is -2210 - -310023030?
310020220
In base 12, what is 29548b05 - -1?
29548b06
In base 8, what is -1012 - -156633?
155621
In base 15, what is 1c367e1 + 7?
1c367e8
In base 14, what is -5 - 25d1726?
-25d172b
In base 5, what is 20041444 + 44?
20042043
In base 5, what is -2 + 23231424340?
23231424333
In base 13, what is -1 + 793301c?
793301b
In base 13, what is -62542 - b?
-62550
In base 6, what is -3342121404 - 4?
-3342121412
In base 14, what is -659c3 + 17?
-659aa
In base 2, what is -10011111011110111010011111 + -10110?
-10011111011110111010110101
In base 16, what is -f4cc4 + -e?
-f4cd2
In base 10, what is -5345601 - 4?
-5345605
In base 4, what is 3 - -2203033011100?
2203033011103
In base 16, what is 33f17 + 34?
33f4b
In base 10, what is 202652 - -305?
202957
In base 15, what is 2 + 18490?
18492
In base 6, what is -13115 - -35543?
22424
In base 14, what is -8d95 + -13b?
-90d2
In base 5, what is 3 - -1033441412424?
1033441412432
In base 10, what is -310085 - 2?
-310087
In base 13, what is 6a1579 - b?
6a156b
In base 2, what is 101 - -11000110001001111100111110?
11000110001001111101000011
In base 3, what is -201 + 102010222110000?
102010222102022
In base 13, what is ab6aa78 + -2?
ab6aa76
In base 7, what is 21 + 266613?
266634
In base 2, what is 1000111010000111110010111000 + -1?
1000111010000111110010110111
In base 15, what is d371 - -13a6?
e727
In base 3, what is -1100220110112212021 + 1?
-1100220110112212020
In base 3, what is -200221022200102 + 12?
-200221022200020
In base 7, what is -2100 + -23126?
-25226
In base 9, what is -11 + -5501025?
-5501036
In base 13, what is 3074 + -c24?
2150
In base 8, what is -122 + -71546?
-71670
In base 2, what is 1010111000011011010 + -1110111?
1010111000001100011
In base 5, what is 100304130 - -11?
100304141
In base 5, what is -10114214 - -2130?
-10112034
In base 7, what is -3062362253 - 4?
-3062362260
In base 14, what is 41022 - 7?
41019
In base 12, what is -24b449 + 83?
-24b386
In base 16, what is 1aef8 - b1?
1ae47
In base 12, what is 376 + -a347?
-9b91
In base 14, what is -3503c - 54?
-35092
In base 12, what is -160 + 55194?
55034
In base 8, what is -30 - -13342324?
13342274
In base 16, what is 6 - 1bc5ce?
-1bc5c8
In base 2, what is 11 + -100101001111110110111111011?
-100101001111110110111111000
In base 2, what is -11001101 - -1010101011011110?
1010101000010001
In base 9, what is -6615823 + 151?
-6615662
In base 12, what is 1401523 + -7?
1401518
In base 6, what is -2003253401 - -5?
-2003253352
In base 8, what is 211443174 + 3?
211443177
In base 5, what is 3200224301 - 3?
3200224243
In base 12, what is -38121 - -38?
-380a5
In base 14, what is 8a76a + 8b?
8a817
In base 13, what is -708 + -17564?
-17c6c
In base 9, what is -246 + -12783844?
-12784201
In base 4, what is 3000131120 + 22?
3000131202
In base 11, what is -21 - 525007?
-525028
In base 8, what is 